ase 10) in base 12?
-8785b
Convert 1cc16 (base 16) to base 2.
11100110000010110
11110000011000001110 (base 2) to base 13
2861c9
Convert -465838 (base 10) to base 3.
-212200000021
Convert -1694666 (base 10) to base 2.
-110011101101111001010
Convert -14202415 (base 6) to base 13.
-13b929
Convert -83260 (base 11) to base 9.
-204511
What is -10101100120 (base 3) in base 2?
-10000010000100101
c4619 (base 13) to base 7
2665601
What is -4728b (base 13) in base 12?
-63338
Convert ab2a6 (base 14) to base 13.
116ac0
What is -47b5d (base 15) in base 12?
-b0414
Convert -4192e (base 15) to base 9.
-346218
What is 2647600 (base 8) in base 2?
10110100111110000000
What is -1001110001101000010000 (base 2) in base 15?
-359436
373406 (base 9) to base 6
4500223
What is 1465316 (base 7) in base 6?
4151142
What is 3347bd (base 15) in base 7?
26533006
What is 877a0 (base 13) in base 7?
2040545
-7ab76 (base 13) to base 5
-24130403
Convert 130268 (base 11) to base 7.
1513341
144da (base 16) to base 13
2bb11
What is -113010302 (base 4) in base 5?
-11011024
a83a1 (base 14) to base 10
406841
What is 177c33 (base 13) in base 6?
20341153
4c45a6 (base 13) to base 8
7005151
b109a (base 14) to base 9
717548
What is -3a1a7 (base 13) in base 4?
-122112313
-1121002 (base 4) to base 14
-2110
What is 2760137 (base 8) in base 4?
2332001133
What is -b6c4 (base 14) in base 16?
-7b2c
What is 907061 (base 14) in base 13?
1011c8a
What is -62555 (base 11) in base 6?
-1542033
Convert -13b27 (base 14) to base 7.
-262250
dad4 (base 15) to base 8
132364
Convert 2100020021 (base 3) to base 16.
b410
Convert 10204121412 (base 5) to base 12.
367a426
5101422 (base 9) to base 12
ab063b
Convert -344121210 (base 5) to base 12.
-62999a
1116048 (base 11) to base 7
22422362
What is 1307877 (base 9) in base 4?
2232122221
Convert 3f9015 (base 16) to base 4.
33321000111
What is 38426 (base 14) in base 12?
67a56
-662284 (base 11) to base 16
-10217c
Convert 534811 (base 9) to base 6.
10454314
Convert -1011101000100111101100 (base 2) to base 9.
-5657678
What is -2a2aab (base 14) in base 15?
-1debc2
-2023322223 (base 4) to base 3
-1002010010220
Convert 32768315 (base 9) to base 11.
8a5a897
-8f2ab (base 16) to base 2
-10001111001010101011
What is 110250210 (base 6) in base 11?
1133941
Convert -53b8a6 (base 15) to base 16.
-3cd977
Convert 130333210 (base 4) to base 16.
1cfe4
What is -2111001 (base 6) in base 13?
-37915
What is 312112022 (base 4) in base 14?
5b1a2
What is -3668838 (base 11) in base 14?
-bc1376
2d6410 (base 15) to base 3
11010200010220
What is 10211212021 (base 3) in base 2?
10010011111000011
151544244 (base 6) to base 9
5862681
856035 (base 9) to base 7
4221503
Convert 434004342 (base 5) to base 14.
365b92
What is 1010000100100111010001 (base 2) in base 9?
4863767
215123 (base 10) to base 8
644123
What is -416a65 (base 12) in base 9?
-1836065
What is -10210264 (base 7) in base 15?
-11ead7
Convert 10123333202 (base 4) to base 5.
244210414
678fb (base 16) to base 10
424187
What is -1038c3 (base 13) in base 5?
-44120040
Convert 34ba39 (base 12) to base 3.
1121011220000
2200535 (base 6) to base 4
122220023
Convert -1d3c4d (base 15) to base 14.
-2933d4
-78dc (base 16) to base 3
-1120102221
Convert 11001001100001010001 (base 2) to base 14.
176b4d
-739001 (base 14) to base 4
-32321103021
Convert 110133010 (base 7) to base 16.
64e98e
What is 322220505 (base 6) in base 16?
572219
24431512 (base 6) to base 8
2767104
What is -2e1c6 (base 16) in base 9?
-317065
What is 4139a (base 14) in base 11?
a8068
Convert -10003112 (base 5) to base 11.
-54003
-34014 (base 15) to base 6
-3313414
14410423 (base 5) to base 7
1210403
Convert -3332202300 (base 4) to base 15.
-158dc3
-4034333212 (base 5) to base 9
-16246886
Convert -23252424 (base 6) to base 2.
-10110000011000100000
What is -39654 (base 14) in base 16?
-2278a
Convert -8b32e2 (base 16) to base 9.
-18143674
What is 1525355 (base 6) in base 8?
256407
-2aa4876 (base 12) to base 13
-1a49c15
Convert -ee85a (base 16) to base 11.
-60802a
Convert 1e558 (base 15) to base 13.
3613a
Convert d1c866 (base 14) to base 13.
1604807
4330163 (base 7) to base 3
222211201012
-101100100000011 (base 2) to base 9
-34228
74a13 (base 11) to base 14
2ba43
120022112011211 (base 3) to base 2
11111000011001010010111
What is -5232272 (base 10) in base 6?
-304051252
Convert -100102200111 (base 4) to base 10.
-4270101
5505725 (base 8) to base 2
101101000101111010101
Convert 254458 (base 9) to base 2.
100101101001010100
cca6b (base 13) to base 4
1122202323
Convert 10084813 (base 9) to base 14.
8dd6d3
-b4472 (base 13) to base 4
-1033002100
What is -25a5b8 (base 14) in base 12?
-52621a
c835c (base 14) to base 10
483614
What is -28bcb (base 13) in base 12?
-38498
What is -256711a (base 13) in base 9?
-24007258
Convert 7770006 (base 10) to base 16.
768f96
-949788 (base 10) to base 14
-1aa1c0
What is 16735c1 (base 14) in base 4?
222012002111
2ab88 (base 16) to base 8
525610
-1617888 (base 9) to base 16
-db44f
What is 4b7400 (base 14) in base 5?
1131000424
Convert 1404124 (base 6) to base 12.
39644
Convert 8236b (base 16) to base 9.
1002556
What is 106025341 (base 7) in base 3?
110012002022021
-48681 (base 9) to base 13
-11b15
1544342 (base 6) to base 2
10110011001000110
-25205652 (base 8) to base 2
-10101010000101110101010
-15207256 (base 10) to base 11
-8647489
What is 103132023 (base 4) in base 13?
2a3c0
What is -20122201002 (base 3) in base 15?
-28c3b
Convert -3124440243 (base 5) to base 16.
-62ef6f
-2222230 (base 5) to base 2
-1001100010011001
Convert -582373 (base 9) to base 6.
-11254020
-41202400 (base 7) to base 13
-938854
Convert -363362 (base 9) to base 16.
-35777
Convert -110011011101000001 (base 2) to base 15.
-426a3
What is 62702 (base 14) in base 12?
b543a
-23565325 (base 9) to base 5
-10420430113
22120132333 (base 4) to base 6
134200331
What is 11100110010101010001 (base 2) in base 12?
395b81
-13594 (base 16) to base 13
-2a0c4
What is -4404784 (base 9) in base 10?
-2365519
What is -121124200 (base 5) in base 8?
-2124201
Convert -ad42 (base 15) to base 10.
-36737
Convert -33201200223 (base 4) to base 16.
-3e182b
141991 (base 14) to base 3
1022100220100
4320112321 (base 5) to base 12
30900b3
What is -530702 (base 9) in base 8?
-1150151
2364068 (base 12) to base 7
112136321
What is -2002112002211 (base 3) in base 8?
-4174722
What is -57055362 (base 8) in base 3?
-212020010212001
Convert -27d74 (base 14) to base 3.
-12000101012
-330a7 (base 14) to base 11
-84979
12001000002021 (base 3) to base 6
133213141
What is -621127 (base 8) in base 2?
-110010001001010111
What is -78224 (base 9) in base 3?
-2122020211
What is 111634320 (base 7) in base 14?
c95b47
What is -11971945 (base 10) in base 9?
-24466371
What is -711122 (base 9) in base 11?
-268116
What is 208269 (base 10) in base 2?
110010110110001101
Convert -169439 (base 13) to base 3.
-1001121111122
Convert -12b90 (base 13) to base 6.
-425415
2384837 (base 11) to base 9
7724326
What is 178551 (base 9) in base 15?
22e74
41125151 (base 6) to base 3
2012211210111
What is 1111100010010100101011 (base 2) in base 7?
46421620
What is 941170 (base 10) in base 11?
59312a
What is -1518847 (base 9) in base 16?
-cd05a
Convert -4133289 (base 10) to base 15.
-569a29
3346e2 (base 15) to base 12
99ab72
What is -122011021 (base 4) in base 11?
-73294
What is 9b256a (base 13) in base 9?
6800117
Convert -19aa (base 15) to base 8.
-12670
What is -7132 (base 9) in base 12?
-3025
-37dc4 (base 14) to base 15
-2a9a1
What is -95c (base 15) in base 9?
-2806
Convert -9d20ec (base 15) to base 16.
-726ed0
-44975 (base 10) to base 4
-22332233
1144503 (base 7) to base 15
2d270
Convert 1c796c (base 16) to base 2.
111000111100101101100
Convert 8014402 (base 9) to base 11.
2450668
Convert 9382b (base 13) to base 5.
31440104
What is 4c906 (base 14) in base 9?
316341
What is -111333201301 (base 4) in base 12?
-1b20441
-cb8b2 (base 16) to base 11
-51a422
-1123331301 (base 4) to base 8
-1337561
-22377613 (base 8) to base 7
-56135423
-25a944 (base 12) to base 14
-121d1a
Convert -827ba (base 14) to base 6.
-10423200
Convert 4204003124 (base 5) to base 15.
b5ee0e
100010011001000110 (base 2) to base 11
96924
Convert -52303 (base 12) to base 6.
-2150003
What is 1233312222 (ba